ime factors of l.
19
Let v = 81 - 77. Let u be v + 0 + 6 + 3. Let d = 40 - u. What are the prime factors of d?
3
Suppose -2*x + 6*x - 8 = 0. Let b(m) = 46*m**3 + 5*m - 4. What are the prime factors of b(x)?
2, 11, 17
What are the prime factors of (-325)/2*(-16492)/665?
2, 5, 13, 31
Let f = -79 + 115. What are the prime factors of 27/(-12)*-2*2856/f?
3, 7, 17
Let a = 667 + -672. Let n(k) = 50*k**2 + 43*k - 5. List the prime factors of n(a).
2, 5, 103
Let m = -6 - -2. Let l(u) = u**2 + 3*u - 1. Let y be l(m). Suppose 6*z - 3*z - 329 = 2*g, 0 = y*z - g - 328. What are the prime factors of z?
109
Suppose g + 2*p + 300 = -3*g, -5*g - 3*p = 373. Let r(z) = -5*z**3 - 4*z**2 - 9*z + 6. Let j be r(-3). Let v = g + j. What are the prime factors of v?
5, 11
Suppose 3*b + 5*m = 13, -3*m + 6*m + 15 = 2*b. Let n = -8 + b. What are the prime factors of (n + 1)*-17 + -4?
13
Suppose 2*p - b = 7142, -77*p + 4*b - 17829 = -82*p. List the prime factors of p.
43, 83
Let v = -672 - -311. Let f = v + 890. What are the prime factors of f?
23
Let q = 46 - 89. Let l = 110 + q. Suppose 3*m - l = -4*p, 3*p - 4*p = -4. List the prime factors of m.
17
Let r(a) = 2*a**2 + a - 3. Let k be (-20)/6 + 3/9 + 0. Let m be r(k). List the prime factors of (80/m*1 - 2)*21.
2, 7
Let n(k) = -10791*k - 1303. List the prime factors of n(-4).
41, 1021
Let s(z) = 154*z**2 + 8*z + 18. Let p be s(-8). Suppose 30*n = 12*n + p. What are the prime factors of n?
5, 109
Let h(b) = 4*b - 72. Let n be h(18). List the prime factors of 1 + n + 1 - -248.
2, 5
Let f(q) = -q**3 + 25*q**2 - 16*q + 3. Let j = 231 + -207. What are the prime factors of f(j)?
3, 5, 13
Let x be ((-4)/(-5))/(4/10). Suppose 0*l - 254 = -x*l. Let m = l + -84. List the prime factors of m.
43
Let b = 16087 + -6916. What are the prime factors of b?
3, 1019
Let s(v) = -118*v - 9. Let a be s(-3). Suppose 3*d + 5*c - a = 3*c, c = -d + 115. Let b = -1 + d. List the prime factors of b.
2, 3, 19
Suppose -57*g - 45 = -62*g. Suppose -2074 - 671 = -g*f. What are the prime factors of f?
5, 61
Let v(o) = o + 1. Let p = -31 + 36. Let r be v(p). Suppose r*l - 3*l = 159. List the prime factors of l.
53
Let s = -668 - -2392. Suppose -2*y - 395 = -m - 2107, 2*y + 2*m = s. List the prime factors of y.
2, 3, 11, 13
Let j be -5 + (3 + 2 - 0). Suppose j*t - 2*b = -t - 31, -b - 16 = t. List the prime factors of (-6)/t + 586/7.
2, 3, 7
Let g(z) = -z**3 + 6*z**2 + 6*z + 11. Let y be g(7). Suppose -r = y*r - 100. Suppose 3*v - 202 = -3*a + r, v - 69 = 4*a. What are the prime factors of v?
73
Suppose 139*a - 234*a = -2165145. List the prime factors of a.
3, 71, 107
Let t(r) = 3*r**3 - 10*r**2 - 29*r + 67. List the prime factors of t(10).
1777
What are the prime factors of 1736/((-1)/(10 + -13))?
2, 3, 7, 31
Suppose 0 = 5*y - 2*t - 48, t - 6*t = 3*y - 35. Let q be (-12)/(-5)*(-4)/(8/y). Let m(r) = -14*r - 19. What are the prime factors of m(q)?
149
Suppose -12 = -4*z, -15 + 3 = -5*v + z. Let l be v - ((-2)/(-4))/((-10)/240). Suppose 9*k = l*k - 282. List the prime factors of k.
47
Let b be ((-3)/((-15)/(-2)))/(15/10650). Let c = -77 - b. List the prime factors of c.
3, 23
Let v(f) = -f + 3. Let r be v(-2). Suppose -3*u + r*u = 4*u. Suppose 2*z - z - 39 = -5*b, 2*z + 5*b - 58 = u. List the prime factors of z.
19
What are the prime factors of (-156328)/5*(-1850)/1480?
2, 19541
Let q(m) = m**3 - 11*m**2 - 25*m - 8. Let o be q(13). Suppose 3*r = 4*z + 565, o*r - 464 = -5*z + 431. What are the prime factors of r?
3, 61
Let d(q) be the first derivative of 5*q**3 - 27*q**2/2 + 146*q - 155. List the prime factors of d(11).
2, 13
Suppose -2*b + 4457 - 319 = 0. Suppose -9*y + 523 = -b. List the prime factors of y.
2, 3
Let c(j) = -j**3 - 11*j**2 + 11*j - 17. Let y be c(-13). Let a = 504 + y. What are the prime factors of a?
2, 11, 31
Let o = -2242 - -5667. List the prime factors of o.
5, 137
Let o(x) = -x**3 + 22*x**2 + 23*x + 1. Let t be o(23). Let z be 0/(-6) + (1 - t). Suppose z = -3*i + 99 + 96. List the prime factors of i.
5, 13
List the prime factors of (17/(-34))/(-1)*14576.
2, 911
Let f(j) = -3*j**3 + 93*j**2 - 346*j - 20. List the prime factors of f(23).
2, 7, 337
Let c(g) = -301*g + 891. What are the prime factors of c(-16)?
13, 439
Suppose 0 = 7*i - 107332 - 28146. What are the prime factors of i?
2, 9677
Suppose -21 = -6*p - 9. Let z(y) = -8*y**p - 4*y + 2 - y**3 + y - 1 - 4. List the prime factors of z(-8).
3, 7
Let j(z) = z + 21. Let v be j(-20). Let m(l) = 4*l**2 - 3*l + 66. Let u(g) = g**2 - g - 1. Let k(a) = v*m(a) - 3*u(a). List the prime factors of k(0).
3, 23
List the prime factors of (-6)/(-18)*12669 - 4.
4219
Let i = -394 - -5437. List the prime factors of i.
3, 41
Suppose -2*r + 7 + 53 = 0. Suppose -9*f + r = -4*f. Suppose 4*k = -f*v + 3*v + 665, -v - k + 223 = 0. What are the prime factors of v?
227
Suppose l + h = 26, -2*l + 105 = 2*l + 5*h. Let j = l - -73. Suppose q + q - j = 0. What are the prime factors of q?
7
Suppose 0 = 2*f - 14 - 22. Suppose -f*t + 1309 = -t. List the prime factors of t.
7, 11
Suppose 19*n - 427217 = -118676. What are the prime factors of n?
3, 5413
Let s(l) = l**2 - 4*l + 1. Let n be s(5). Suppose -n*k = -4*k - 150. List the prime factors of k.
3, 5
What are the prime factors of (-5 + 22 - 20)*(-13714)/(-1 + 3)?
3, 6857
Let m(k) = 8*k**3 + k**2 + 5*k + 12. Suppose -4*p = -x - 16, -2*x - 3 - 4 = -3*p. What are the prime factors of m(x)?
2, 5, 7
What are the prime factors of (5/10*(6 - 9))/((-2)/7028)?
3, 7, 251
List the prime factors of 15/(-6)*-12*77947/69.
2, 5, 3389
Let m(u) = 2*u**3 + 144*u**2 + 65*u - 678. List the prime factors of m(-61).
37, 2087
Let f be (-2)/(-3)*(-7 + (-17 - -15)). List the prime factors of ((-2085)/f)/((-14)/(-28)).
5, 139
Let x(o) = o**3 + 11*o**2 + 2*o + 9. Let i be x(5). Let n = -111 + i. What are the prime factors of n?
2, 7, 11
Let m be (-12)/30 - (-246)/15. Let u(g) = 2*g**2 + 2*g - 61. What are the prime factors of u(m)?
3, 7, 23
Suppose -4*u - 153 = 3*n, n - 5*u = -0*n - 51. Suppose 5*v = 3*d + 151, 0 = 4*v - 5*v + 5. What are the prime factors of (7/d*n)/((-1)/(-8))?
2, 17
Suppose 0 = a + 5*f + 1766, -13*f - 1760 = a - 11*f. List the prime factors of ((-104)/6)/(-7 - a/252).
2, 3, 7, 13
Let a(b) be the first derivative of 20*b**3/3 + 7*b**2 + 14*b + 30. Let f be a(-7). Suppose 4*t + f = 2*m + 2*m, -3*t - 226 = -m. List the prime factors of m.
223
What are the prime factors of -9 - -4 - ((-20)/6)/(4/27066)?
2, 5, 11, 41
List the prime factors of (-11 - -3) + (94 - -17456).
2, 7, 179
Suppose 8*c - 567 = 521. Suppose l + y - 128 - c = 0, 2*l + y = 531. List the prime factors of l.
3, 89
Let j be 8/6*126/28. Suppose -18*l + j*l + 3504 = 0. List the prime factors of l.
2, 73
Let l(z) = 5*z - 6. Let m be l(2). Let k be m/10 + 216/60. Suppose -3*g = -k*b + 3*b - 193, -191 = -3*g - b. What are the prime factors of g?
2
Let j = 5487 + -2044. List the prime factors of j.
11, 313
Suppose 4*i = -0*i - 5*y + 585, 4*y + 12 = 0. Let k = 278 - i. Let t = k - 66. List the prime factors of t.
2, 31
Suppose -t = -b - 2, 0 = -2*t - 0*b + 3*b + 3. Let x be (-4 - (-9)/t)*(0 + -167). Let f = x + -102. What are the prime factors of f?
5, 13
Suppose s - 6*a = -7*a + 3, 4*s = a - 3. Suppose s = -2*x + 6, -b + 9*x + 511 = 6*x. What are the prime factors of b?
2, 5, 13
Suppose 4*x - p - 336 = p, x - 84 = -2*p. Let u = 85 - x. What are the prime factors of u*(-8)/12*-75?
2, 5
Let t(a) = a**2 + 4*a + 24. Let m be t(-10). What are the prime factors of (-30)/(((-1)/3)/(m/72))?
3, 5, 7
Let b(k) = -k**3 - 11*k**2 + k + 31. Let q be b(-11). Suppose 0 = 5*l - q, 0 = -2*y + 14*l - 12*l + 1994. What are the prime factors of y?
7, 11, 13
Let w be 4 + -4 + (-3 - -5). Suppose 0*z + 2 = w*z. What are the prime factors of 41*(z + 2)/((-1)/(-1))?
3, 41
Suppose -358 + 1691 = d + 3*z, -z + 3975 = 3*d. Suppose -46 = -5*y + d. What are the prime factors of y?
2, 137
Suppose -3*j - k = 3*k + 106, 10 = -j + 5*k. Let s be (4/6)/(j/(-1395)). Let n = s - -158. List the prime factors of n.
3, 7
Suppose 7*j = -s + 10*j + 14, 3*s - 30 = 5*j. What are the prime factors of (-4152)/36*-3*s?
2, 5, 173
Suppose 5*h = -30*h - 72*h + 1981319. List the prime factors of h.
18517
Suppose -h - 2*j + 345 = 0, -2*j = 3*h - 850 - 197. Suppose 5*d